= 0. What is the tens digit of z/((9/(-20))/3)?
2
Let b = 38 + 28. What is the tens digit of b?
6
Suppose 3*h - 9 = -54. Let v = h + 8. Let m = v - -17. What is the tens digit of m?
1
Let r = 80 - 25. What is the tens digit of r?
5
Let w = 361 - 158. What is the units digit of w?
3
Let g(n) = -3*n**3 + n**2 - n. What is the units digit of g(-2)?
0
Let o(v) = 2*v + 20. Let s be o(0). Let w = -32 + 19. Let r = s + w. What is the units digit of r?
7
Let r(l) = l**3 + 5*l**2 - 4*l - 6. Let x(f) = -f. Let o(t) = -r(t) - 2*x(t). What is the units digit of o(-6)?
6
Let c(s) = 0 - 2*s - 5 + s - 2. Let l be c(-4). What is the units digit of -3 + (-2 - 13)/l?
2
Let y(k) = -9*k - 17. What is the units digit of y(-6)?
7
Let b be ((-9)/15)/(1/(-5)). Let c = 1 - b. Let w = c + 3. What is the units digit of w?
1
Let u(g) = g**3 - 10*g**2 + 9*g + 6. Let h be u(9). Let r be (9/h)/((-3)/(-8)). Suppose -w - 8 = -r*n, 3*n - 2*w - 6 = -5*w. What is the units digit of n?
2
What is the units digit of 0 + 1347/15 + 7/35?
0
Let n(t) = 5*t + 14. Let v(k) = -11*k - 29. Let l(b) = 7*n(b) + 3*v(b). What is the units digit of l(8)?
7
Let o = 22 - -94. What is the hundreds digit of o?
1
Suppose 4*t + 5*t - 918 = 0. What is the units digit of t?
2
Let j(t) = t**2 + 2*t + 29. What is the units digit of j(0)?
9
Let c = 19 - 15. Suppose 0 = -4*n + s + 60, -11 = -c*n - 4*s + 49. What is the units digit of n?
5
Suppose 0*f - 4*f + 40 = 0. What is the units digit of f?
0
Suppose 3 = -3*u - 3. What is the units digit of 1/(-1 - 0 - u)?
1
Let i(s) = s**2 + 5*s + 4. Let f(y) = y**2 + 6*y - 5. Let c be f(-6). Let m be i(c). Suppose 25 = o + m*o, 0 = 5*q + 4*o - 50. What is the units digit of q?
6
Suppose -b - 2*b + 264 = 0. What is the units digit of b?
8
What is the tens digit of 1 - 4 - 160/(-1)?
5
Let g be -2 - -1*(-1 + 0). What is the tens digit of -50*((-51)/15 - g)?
2
Let z be -3 + (1 - 0) + 0. Let a = -2 - z. Suppose a = -4*i + x + 25, -i + 5*x = -0*i - 30. What is the units digit of i?
5
Let o = -12 - -19. Suppose y = -1, -6*c + y - o = -2*c. What is the units digit of (c/6)/(1/(-27))?
9
Let a(g) = 21*g**2 - 2*g + 11. What is the units digit of a(3)?
4
Let j be 90/21 - (-4)/(-14). Let n(z) = z - 8. Let t be n(j). What is the units digit of ((-7)/(-4))/((-1)/t)?
7
Suppose -2*v + 3*n = -42 - 134, 2*v + 3*n - 164 = 0. What is the tens digit of v?
8
Suppose k = 3*m + 51, -1 - 11 = 3*m. What is the tens digit of k?
3
Suppose -m + 12 + 11 = 0. What is the tens digit of m?
2
Let d(n) = -n**3 - n**2 + n + 6. Let t be 68/16 + 2/(-8). Suppose -5*b + c = 4, -b - c - t = -8. What is the units digit of d(b)?
6
Let p = 28 + 11. What is the units digit of p?
9
Suppose 101 = 5*d - 24. What is the units digit of d?
5
Suppose -4*u = -u - 6. What is the units digit of (u/3)/(20/90)?
3
Let g(x) be the first derivative of x**5/30 + x**2 - 2. Let s(r) be the second derivative of g(r). What is the units digit of s(1)?
2
Let n(x) = -2*x**3 - 6*x**2 + 2*x - 14. What is the units digit of n(-5)?
6
Suppose 5*o - 12 = 3. Suppose -o*c + 19 = 7. Suppose 2*v + 14 = c*v. What is the units digit of v?
7
What is the hundreds digit of -1 + 139 - (-5 - -1)?
1
Suppose -5*j - 3*z + 369 = -z, 297 = 4*j + z. What is the tens digit of j?
7
Suppose -129*b + 127*b + 472 = 0. What is the tens digit of b?
3
Let l(r) = 3*r**2 - 9*r + 6. What is the units digit of l(6)?
0
Suppose 0 = -4*g + 5*g - 2, m = 5*g - 21. Suppose -4*i + q + 12 + 8 = 0, -4*i = 3*q - 36. What is the tens digit of (-152)/m - i/(-33)?
1
Let w(n) = -4*n**2 - 3*n**3 + 2*n + 4*n**3 - 7*n + 5. Let q be (-74)/(-14) + (-4)/14. What is the units digit of w(q)?
5
Suppose 5*o - 2 = 8, -3*g + o + 139 = 0. What is the units digit of g?
7
What is the hundreds digit of (4 + 196/(-8))*-6?
1
Let p(g) = g**3 - 14*g**2 + 16*g - 6. What is the units digit of p(13)?
3
Suppose 3 = -3*d, -31 + 3 = 2*i - 2*d. What is the tens digit of (21 - 1)*i/(-6)?
5
Suppose 4*g + 1 - 13 = 0. Let y(h) = -4*h + 3. Let m be y(6). What is the units digit of g*1*m/(-9)?
7
Let x = 180 + 77. What is the units digit of x?
7
Let s(n) = n**3 - 6*n**2 + n - 1. Let h be s(6). Suppose -c - 2*u + h = 3*u, c - 15 = 5*u. Let o = -3 + c. What is the units digit of o?
7
Let f(q) = 2*q + 8. What is the units digit of f(8)?
4
Suppose 4 - 12 = -4*o. Suppose -o*t = -6*t + j + 4, 3*t - 3 = 3*j. Suppose -t = g - 7. What is the units digit of g?
6
Let g(y) = 0*y - 8*y**2 + 0*y + 7 + y**3 + 3. What is the units digit of g(8)?
0
What is the units digit of 8/((-4)/(-228)*6)?
6
Let x(n) = -14*n. Let z be x(-4). Let f(t) = t**3 + 4*t**2 - 6*t - 2. Let h be f(-5). Suppose -h*a + z = a. What is the units digit of a?
4
Let b(n) = n**2 + 11*n + 10. Let p be b(-10). Suppose -x - w + 4 = p, 0*x + 4*x + w - 13 = 0. What is the units digit of 1/(x*(-2)/(-72))?
2
Suppose -16 = 2*j + 2*j. Let v(b) = -b**3 - 4*b**2 + 1. What is the units digit of v(j)?
1
Let s(a) = a**3 + a**2 - a + 1. Let i(o) = 5*o**3 + 13*o**2 - 11*o + 2. Let u = -10 - -4. Let x(m) = u*s(m) + i(m). What is the units digit of x(6)?
2
Let c(t) = t**3 + 9*t**2 + 8*t + 7. What is the units digit of c(-8)?
7
Let q be 6/((-2)/(-4)*3). Suppose 3*a - j - 63 = -4*j, q*j = 16. What is the tens digit of a?
1
Let y = -4 + 17. Let n = 28 - y. What is the tens digit of n?
1
Let c(o) = 3*o - 2. Let k be c(2). Suppose f = k*r + 24, 4*r - 8 = 2*f - 40. What is the units digit of f?
8
Suppose -18 = -4*f + 14. What is the units digit of f?
8
Let i(v) = -8*v + 2. What is the units digit of i(-6)?
0
Let f(p) = p**3 + 9*p**2 - p - 5. Let a be f(-9). Suppose -63 = -a*q - 11. What is the units digit of q?
3
Let z be (-76)/(-18) + (-4)/18. Suppose 5*p + z = 4*p. What is the tens digit of 72/7 - p/(-14)?
1
Let m(i) be the second derivative of -i**5/20 - i**4/4 + i**3/2 - i**2 + i. What is the units digit of m(-4)?
2
Suppose -41 = -2*v + 9. Let i = 36 - v. Suppose 4 = -g + i. What is the units digit of g?
7
Let k = -240 + 336. Suppose 6 = -5*i + k. What is the tens digit of i?
1
Let v = -9 - -24. Let n = -6 - 4. Let s = n + v. What is the units digit of s?
5
What is the units digit of 5/25 + (-156)/(-20)?
8
Let i(n) = 2*n + 2*n - 3*n. Let s be i(-2). What is the units digit of s/7 + (-46)/(-14)?
3
Let s(v) = v**2 + 2*v. Let d be s(-7). Let b = d - 21. What is the units digit of b?
4
Let l be ((-9)/3 + -38)*-1. What is the units digit of l/6 + (-5)/(-30)?
7
Suppose -4*o = -o. Suppose o = -2*v - 2*v + 4. What is the units digit of 4 - ((-1)/1 + v)?
4
Let l = -66 + 99. What is the tens digit of l?
3
Suppose 2*z + 2*h = z - 16, 3*h - 57 = 3*z. Let r = -10 - z. What is the units digit of r?
8
Let o(a) = 4*a + 14. Let i(v) = -v + 1. Let u(q) = 5*i(q) + o(q). Let b = 26 - 16. What is the units digit of u(b)?
9
Let y = 2 - -3. Suppose -96 = -5*b + 2*s - s, -2*b + 43 = -y*s. What is the tens digit of b?
1
Let m(l) = -34*l + 1. What is the units digit of m(-1)?
5
Let h(m) = -3*m - 3. Let t(r) = -3*r - 2. Let p(f) = 4*h(f) - 5*t(f). Let g(b) = b**2 - 9*b - 8. Let w be g(10). What is the units digit of p(w)?
4
Suppose 16 = 3*y - 2*v - 2*v, -4*y = 3*v + 12. What is the tens digit of (3 - y - 5) + 31?
2
Let x = 114 - 86. What is the units digit of x?
8
Let c(l) = -58*l - 19. What is the tens digit of c(-4)?
1
Let k(r) be the third derivative of r**5/60 + r**4/24 - r**3/6 - r**2. Let f be k(2). Suppose w = f*w - 4. What is the units digit of w?
1
Let y = -8 - -12. Suppose -y*i + 123 = o, -5*i - 5*o + 135 = -i. What is the tens digit of i?
3
Let w(p) = p**3 + 5*p**2 + 5. Let l be w(-5). Suppose 3*f = l*f - 4. Suppose -f*i + 6 = -0*i. What is the units digit of i?
3
Suppose 4*s + 156 = 668. What is the units digit of s?
8
Let a be 2/(-4)*-4 - -4. Suppose t = -t. Suppose -3*i = t, 0 = -l - i + 2*i + a. What is the units digit of l?
6
Let c be 2/(-2) - 112/(-7). What is the units digit of ((-3)/(-5))/(3/c)?
3
Suppose 0*b - 3*b + 49 = 2*a, -2*b = 5*a - 139. What is the tens digit of a?
2
Let l = -14 - -23. Let a(x) = -x**3 + 10*x**2 - 8*x - 4. What is the units digit of a(l)?
5
Let k = -6 - -5. Let t = k + 2. What is the units digit of t?
1
Let x be (-329)/(-28) + (-2)/(-8). Suppose f = 1 + x. What is the tens digit of f?
1
What is the units digit of (-211)/(-3) + (-14)/(-21)?
1
Let r be 6/(-33) + 